emainder when 584 is divided by 227?
130
What is the remainder when 266880 is divided by 71?
62
Calculate the remainder when 37561 is divided by 29.
6
What is the remainder when 27673 is divided by 75?
73
Calculate the remainder when 62124 is divided by 196.
188
Calculate the remainder when 181438 is divided by 480.
478
What is the remainder when 9261 is divided by 494?
369
Calculate the remainder when 151069 is divided by 16.
13
What is the remainder when 189401 is divided by 166?
161
Calculate the remainder when 258081 is divided by 319.
10
What is the remainder when 8431 is divided by 297?
115
What is the remainder when 30479 is divided by 1088?
15
Calculate the remainder when 122567 is divided by 30640.
7
Calculate the remainder when 13462 is divided by 4253.
703
What is the remainder when 100499 is divided by 159?
11
What is the remainder when 22766 is divided by 86?
62
Calculate the remainder when 54526 is divided by 13631.
2
Calculate the remainder when 13071 is divided by 1627.
55
Calculate the remainder when 9686 is divided by 94.
4
What is the remainder when 4782 is divided by 156?
102
What is the remainder when 8985 is divided by 968?
273
Calculate the remainder when 72343 is divided by 15.
13
Calculate the remainder when 183695 is divided by 1015.
995
What is the remainder when 22717 is divided by 299?
292
Calculate the remainder when 3906 is divided by 260.
6
Calculate the remainder when 78257 is divided by 91.
88
Calculate the remainder when 29489 is divided by 1571.
1211
What is the remainder when 2315 is divided by 603?
506
What is the remainder when 5606 is divided by 992?
646
Calculate the remainder when 12768 is divided by 1298.
1086
Calculate the remainder when 1690 is divided by 73.
11
What is the remainder when 4535 is divided by 90?
35
What is the remainder when 3295 is divided by 206?
205
Calculate the remainder when 28525 is divided by 297.
13
Calculate the remainder when 17349 is divided by 2474.
31
Calculate the remainder when 1894 is divided by 475.
469
What is the remainder when 7919 is divided by 885?
839
Calculate the remainder when 33994 is divided by 125.
119
Calculate the remainder when 47913 is divided by 107.
84
What is the remainder when 170934 is divided by 46?
44
What is the remainder when 3288 is divided by 502?
276
What is the remainder when 1346155 is divided by 262?
261
Calculate the remainder when 1004 is divided by 43.
15
What is the remainder when 3772589 is divided by 271?
269
Calculate the remainder when 1033163 is divided by 18.
17
What is the remainder when 9837 is divided by 2432?
109
Calculate the remainder when 469263 is divided by 7.
4
What is the remainder when 2814 is divided by 2810?
4
Calculate the remainder when 864 is divided by 318.
228
What is the remainder when 1673755 is divided by 27?
25
What is the remainder when 343533 is divided by 8?
5
What is the remainder when 1170 is divided by 300?
270
Calculate the remainder when 274651 is divided by 24.
19
Calculate the remainder when 234048 is divided by 19503.
12
Calculate the remainder when 429250 is divided by 1470.
10
What is the remainder when 4723 is divided by 55?
48
What is the remainder when 28051 is divided by 181?
177
What is the remainder when 30713 is divided by 640?
633
What is the remainder when 10132 is divided by 463?
409
What is the remainder when 79943 is divided by 71?
68
Calculate the remainder when 25345 is divided by 906.
883
Calculate the remainder when 2727266 is divided by 13.
9
Calculate the remainder when 18045 is divided by 29.
7
Calculate the remainder when 2914 is divided by 207.
16
What is the remainder when 3950 is divided by 226?
108
Calculate the remainder when 11550 is divided by 465.
390
What is the remainder when 120183 is divided by 40058?
9
What is the remainder when 3185 is divided by 1049?
38
Calculate the remainder when 30780 is divided by 31.
28
Calculate the remainder when 129011 is divided by 3000.
11
Calculate the remainder when 10681 is divided by 2668.
9
Calculate the remainder when 12633 is divided by 1263.
3
What is the remainder when 3188 is divided by 37?
6
What is the remainder when 8663 is divided by 729?
644
Calculate the remainder when 45977 is divided by 209.
206
Calculate the remainder when 25716 is divided by 888.
852
What is the remainder when 5821 is divided by 2910?
1
Calculate the remainder when 28675 is divided by 2046.
31
What is the remainder when 706 is divided by 291?
124
Calculate the remainder when 5788 is divided by 5726.
62
What is the remainder when 47054 is divided by 9392?
94
What is the remainder when 58720 is divided by 19551?
67
What is the remainder when 4264 is divided by 1298?
370
Calculate the remainder when 394483 is divided by 37.
26
Calculate the remainder when 10839 is divided by 12.
3
What is the remainder when 44420 is divided by 36?
32
What is the remainder when 17042 is divided by 107?
29
Calculate the remainder when 187863 is divided by 6478.
1
What is the remainder when 1038 is divided by 319?
81
Calculate the remainder when 3563 is divided by 672.
203
What is the remainder when 428204 is divided by 76?
20
What is the remainder when 1478630 is divided by 519?
518
Calculate the remainder when 1285027 is divided by 7788.
7
Calculate the remainder when 7845 is divided by 1959.
9
What is the remainder when 39417 is divided by 65?
27
Calculate the remainder when 3245 is divided by 232.
229
Calculate the remainder when 657899 is divided by 14.
11
Calculate the remainder when 58886 is divided by 8.
6
Calculate the remainder when 987120 is divided by 47005.
15
Calculate the remainder when 989517 is divided by 240.
237
What is the remainder when 19445 is divided by 112?
69
Calculate the remainder when 1600 is divided by 259.
46
Calculate the remainder when 2265226 is divided by 252.
250
What is the remainder when 2177 is divided by 436?
433
What is the remainder when 88848 is divided by 33?
12
What is the remainder when 4297 is divided by 610?
27
What is the remainder when 26794 is divided by 33?
31
Calculate the remainder when 3054 is divided by 118.
104
What is the remainder when 251461 is divided by 83819?
4
Calculate the remainder when 227612 is divided by 40.
12
What is the remainder when 54650 is divided by 348?
14
What is the remainder when 1176 is divided by 1154?
22
Calculate the remainder when 8047 is divided by 302.
195
What is the remainder when 353109 is divided by 428?
9
Calculate the remainder when 18429 is divided by 96.
93
What is the remainder when 225233 is divided by 11?
8
What is the remainder when 37303 is divided by 556?
51
What is the remainder when 1199 is divided by 1125?
74
What is the remainder when 35047 is divided by 815?
2
Calculate the remainder when 503946 is divided by 10.
6
Calculate the remainder when 26892 is divided by 55.
52
What is the remainder when 5297 is divided by 1760?
17
Calculate the remainder when 34912 is divided by 1454.
16
What is the remainder when 2126 is divided by 68?
18
What is the remainder when 2390775 is divided by 35?
30
What is the remainder when 180069 is divided by 16369?
10
Calculate the remainder when 1189901 is divided by 21.
20
Calculate the remainder when 346939 is divided by 60.
19
Calculate the remainder when 9818 is divided by 1219.
66
What is the remainder when 723445 is divided by 105?
100
What is the remainder when 8476 is divided by 174?
124
What is the remainder when 69236 is divided by 139?
14
What is the remainder when 7828 is divided by 13?
2
What is the remainder when 3336 is divided by 57?
30
What is the remainder when 5025 is divided by 1385?
870
Calculate the remainder when 1378079 is divided by 396.
395
Calculate the remainder when 5106 is divided by 1695.
21
Calculate the remainder when 2143 is divided by 122.
69
What is the remainder when 314627 is divided by 431?
428
Calculate the remainder when 110607 is divided by 64.
15
What is the remainder when 7409 is divided by 528?
17
Calculate the remainder when 9746 is divided by 1340.
366
Calculate the remainder when 4555 is divided by 3.
1
Calculate the remainder when 6359 is divided by 637.
626
Calculate the remainder when 1269 is divided by 19.
15
Calculate the remainder when 505703 is divided by 293.
278
What is t